. What are the prime factors of g/9*-1*3?
2, 5
Let d(v) = -10*v + 13. What are the prime factors of d(-10)?
113
Let p(n) = 7*n**2 - 2*n - 3. Let v be p(3). Let j be v/45*10/3. What are the prime factors of (55/(-20))/((-1)/j)?
11
Let h(q) = 6*q**2 + q - 1. What are the prime factors of h(3)?
2, 7
Let r(v) = -v**3 - 5*v**2 - 7*v - 8. Let h be r(-4). Let n be 2/2*(2 + 0). Let m = h + n. What are the prime factors of m?
2, 3
Suppose 0 = 3*t - x - 244, 0 = 5*t - 10*t - 2*x + 392. Suppose -r + 0*r = 5*g + 6, 0 = 5*r + 3*g - t. What are the prime factors of r?
19
What are the prime factors of 0 + -3 + 72/1?
3, 23
Let d(c) = c**3 + 8*c**2 - 10*c - 3. Let x = 33 + -54. Let b = x + 12. List the prime factors of d(b).
2, 3
Let x be (50/(-15))/((-2)/15). Suppose g = 4*s + 14, 5*s - 6*g = -g - x. Let d(i) = i**2 - 2*i - 4. List the prime factors of d(s).
11
Suppose 0 = 4*p - 32 - 12. Suppose -2 = -2*i - 2*d + 4*d, p = 5*i - 2*d. Suppose k = i*k - 12. What are the prime factors of k?
2, 3
Let z(p) = 6*p - 12. What are the prime factors of z(4)?
2, 3
Let s = -75 - -160. List the prime factors of s.
5, 17
Suppose 5*d - 20 = -0*d. Suppose -2*b - 2*j = -5*j - 84, d*b - 128 = -4*j. List the prime factors of b.
2, 3
Let i = 319 + -190. List the prime factors of i.
3, 43
Let a(d) = -d**2 + 10*d + 1. Let o = 18 - 10. Let h be a(o). Suppose -f + h = z, 3*f + 3*z - 41 = 2*z. List the prime factors of f.
2, 3
Let a = -44 - -73. List the prime factors of a.
29
Let p(f) = f**3 + 5*f**2 - 10*f - 1. Let a be p(-7). Let d be 1 - (a - (4 + -2)). Suppose d = 4*s - 16. List the prime factors of s.
2, 3
Let d = 17 - 37. Let c = 52 + d. List the prime factors of c.
2
Suppose c - 3*c = 0. Let g = c - 0. Suppose -4*o + 25 = o + f, g = -2*o + 2*f + 10. List the prime factors of o.
5
Suppose -9 = -2*z + 59. What are the prime factors of z?
2, 17
List the prime factors of 956/7 + 75/175.
137
Let f(g) be the third derivative of -g**6/120 + g**5/12 + g**4/3 - g**3/6 + 5*g**2. What are the prime factors of f(6)?
11
List the prime factors of 647/4 + 19/76.
2, 3
Let w(r) = r**3 - 6*r**2 - 7*r + 5. What are the prime factors of w(7)?
5
Let u(z) = -2 + 3 + 3*z**2 - z + 1 - 2*z**2. What are the prime factors of u(-2)?
2
Let w = -13 + 15. List the prime factors of 4/8 - (-57)/w.
29
Let p = 8 - 3. List the prime factors of (-3 + p)*1*8.
2
Let z(m) = m + 18. What are the prime factors of z(-6)?
2, 3
Suppose 65 = 3*f - 2*f - 4*j, 5*f + 4*j = 421. What are the prime factors of f?
3
Suppose -a + 2*k = -4*a + 43, -28 = -3*a + k. Let b = -8 - -13. Let l = a - b. What are the prime factors of l?
2, 3
Let f(u) = -u**3 + 4*u**2 - u - 2. Let o(p) = p + 8. Let c be o(-5). Let b be f(c). Suppose -3*y = 5*d - 15, -b*y - 8 = 12. List the prime factors of d.
2, 3
Let l(p) = p**2 + 15*p + 18. Let m be l(-14). Suppose 0 = -v - m*j + 46, 5*v - 3*j - 130 = 2*j. What are the prime factors of v?
2, 3, 5
Suppose -1 = 2*b - d - 7, -4*d - 18 = -2*b. What are the prime factors of (-17 + -14)*(-1)/b?
31
Suppose 4*s - 192 = -5*i, -s - 5*i = -5*s + 152. What are the prime factors of s?
43
Suppose 2*d - 7 = v + 97, -3*v - 150 = -3*d. List the prime factors of d.
2, 3
List the prime factors of (171/27)/(1/3).
19
Let c = 14 - 11. List the prime factors of c.
3
Let r(d) = -d**3 + 6*d**2 - d + 8. Let p be r(6). Suppose p*a - 47 = 17. What are the prime factors of a?
2
Suppose 0 = 6*l + 17 + 55. What are the prime factors of (3 - 60)*4/l?
19
Let f(b) = 2*b**3 + 2*b**2 - b - 2. What are the prime factors of f(2)?
2, 5
Let l(n) = 9*n**3 - n**2 - n + 1. Let p be l(1). Let s = 14 - p. List the prime factors of (9/6)/(s/32).
2
Suppose 0 = -2*k - k. Let m be (-6)/(k + 6/(-21)). Suppose -2*p + 2*l = -24, 2*p - 4*l = -3*l + m. List the prime factors of p.
3
Suppose 3*r - 136 = -52. What are the prime factors of r?
2, 7
Let v(p) = 4*p**3 - 1. Let u be v(1). Let k(l) = -4*l**2 - 9*l + 19. Let a(j) = 3*j**2 + 9*j - 18. Let s(t) = u*a(t) + 2*k(t). List the prime factors of s(-11).
2, 3
Suppose u - 2*g = 21, 5*u - 5*g = 3*u + 38. What are the prime factors of u?
29
Let a = 265 + -141. What are the prime factors of a?
2, 31
Let j(a) = -a. Let w be j(-3). What are the prime factors of 2/w - 230/(-15)?
2
Let g(q) = q**2 - 7*q - 6. Let v be g(8). What are the prime factors of (v/3)/((-14)/(-189))?
3
Let j = -48 + 56. What are the prime factors of j?
2
Let p = 526 - 285. List the prime factors of p.
241
Let g(n) = n**2 - 10*n - 10. Let p be g(10). Let x(l) = -l**3 - 10*l**2 - 3*l + 2. List the prime factors of x(p).
2
Suppose 0 = -5*p + 6*p + 2*m - 18, -2*p - 2*m = -34. List the prime factors of p.
2
Suppose 2*r - 7*r = -20. Let k(p) = p**3 - 4*p**2 + p. Let d be k(r). Suppose -d*w + w + 12 = 0. What are the prime factors of w?
2
What are the prime factors of ((-112)/(-40))/((-2)/(-5))?
7
Suppose w = 3*w - 8. Suppose -u + 0*u = -w. List the prime factors of u.
2
Suppose -1 - 9 = 5*q. Let l = 10 + q. What are the prime factors of l?
2
Suppose 0 = 5*l + 10, -20 - 10 = j - 2*l. Let s be j/9 + 8/(-36). What are the prime factors of s/22 - (-46)/11?
2
Suppose -1311 = 20*n - 8531. What are the prime factors of n?
19
Let d be -90 + (1 - -1 - 0). List the prime factors of -1 - (-9)/((-18)/d).
43
Suppose 4*y - 1 = k, 5*y + 13 = 4*k - 16. Suppose 2*f - 2*z - k = -f, 5*z = 4*f - 10. Suppose f = 2*j - 17. What are the prime factors of j?
11
Let z = -1 - -4. Suppose z*y - 18 = -v, 5*y = y. What are the prime factors of v?
2, 3
Let y = -128 + 181. What are the prime factors of y?
53
Let i be (3 - 0)/(6/64). Suppose 3*s = -4*q + i, -3*s - 5*q = -2*q - 36. What are the prime factors of s?
2
Suppose -3*o + 2*f = -72, o - 51 = -2*o - 5*f. What are the prime factors of o?
2, 11
Let q(t) = 2*t**3 - 12*t**2 + 13*t - 8. List the prime factors of q(7).
181
Let j(p) = p**2 - 3*p + 3. Let t be j(4). Suppose g - 46 = 5*q, -5*q - 3*g - 35 = t. Let f = 21 + q. List the prime factors of f.
2, 3
Suppose 2*c - 71 = 33. List the prime factors of c.
2, 13
Suppose 0 = 5*m + 54 + 26. Let j = m + 34. List the prime factors of j.
2, 3
Suppose y = -4*y + 610. What are the prime factors of y/18 - 2/(-9)?
7
Let j = 51 - -55. What are the prime factors of j?
2, 53
Suppose 0 = 2*l + 3*o + 23, -o = l - 6*l - 15. Let b(d) = -d**3 - 3*d**2 - 3*d - 1. What are the prime factors of b(l)?
3
Suppose 4*a + 5*j = j + 60, -4*j = -2*a. What are the prime factors of a?
2, 5
Let s(d) be the first derivative of -d**4/12 + d**3 - d**2/2 - d - 1. Let k(o) be the first derivative of s(o). List the prime factors of k(4).
7
Suppose -4*b = -6*b - 2*f + 40, 0 = -3*b - 2*f + 60. Suppose -z + 5 = 0, k + 3 = 4*z + b. List the prime factors of k.
37
Suppose -3*l + 3*p + 84 = 0, 5*l = 4*p + 125 + 13. Suppose 0 = g - 0*g - l. Let h = 48 - g. What are the prime factors of h?
2, 11
List the prime factors of 14/((-8)/20*-5).
7
Let t = -93 - -205. List the prime factors of t.
2, 7
Let a(p) = 2*p - 3 + p + 0*p. Let v be a(-7). What are the prime factors of v/(-3) + (-2)/(-1)?
2, 5
Suppose 0 = -2*w + 5*i + 55, 0*w - 20 = -w + 5*i. Let n = w - 22. List the prime factors of n.
13
Let r(b) = -b**2 + 10*b + 3. List the prime factors of r(7).
2, 3
Suppose 0 = -y - 3*y. Suppose 4*m - 24 = 2*r, m = -y*m + r + 8. Suppose 45 = -j + m*j. What are the prime factors of j?
3, 5
Let k(i) = 7*i**2 + i + 1. List the prime factors of k(-2).
3
Let q = -7 - -7. Let w(t) = t**2 + t + 22. What are the prime factors of w(q)?
2, 11
List the prime factors of (-4)/7 + -2049*(-5)/105.
97
Let g(m) = 14*m. Suppose -a = 3*f - 4, -f - f - 5*a = -7. List the prime factors of g(f).
2, 7
Let m(k) = -3 + 3 + 17*k - 2*k - 2. What are the prime factors of m(1)?
13
Suppose 5*y + 2*n = -122 + 1341, -5*y - 4*n + 1213 = 0. List the prime factors of y.
5, 7
Let r(s) = -4*s**2 + 1. Let m be r(1). Let p be m/6*2 + 1. What are the prime factors of (p - -1) + (-2 - -4)?
3
Let x = -48 - -95. What are the prime factors of x?
47
Suppose -138 + 18 = -2*x. Suppose 0*q = -3*q + x. What are the prime factors of q?
2, 5
Let i(n) = n**3 + 2*n**2 - 4*n + 3. Let h(c) = -c**3 + 5*c**2 - 4*c - 4. Let l be h(4). Let q be i(l). List the prime factors of (q/3)/(2/(-6)).
13
Let d = 9 - 18. Let x be (d - (-1 - -1)) + 0. Let j = x + 16. List the prime factors of j.
7
Suppos